digit of (-119)/g - 6/(-36)?
0
Suppose 0 = -4*l + 2*l - 200. Let z be (-1 - 102/4)*2. Let i = z - l. What is the units digit of i?
7
Suppose y - 4*m + 10 + 86 = 0, 537 = -5*y + m. Let v = 4 - y. What is the units digit of v?
2
Let g(b) = 8*b**2 - 2*b + 1. Let w be g(1). Suppose 252 = 4*s - s. Suppose w*x = 3*x + s. What is the tens digit of x?
2
Let u = 93 - -170. What is the tens digit of u?
6
Let f = 11 - -2. Let q(w) = w**3 - 8*w**2 + 2*w - 15. Let h be q(8). Let r = f + h. What is the tens digit of r?
1
Let w = 249 - 468. Let x = -81 - w. What is the tens digit of x?
3
Suppose 5616 = -d + 19*d. What is the units digit of d?
2
Let y(h) = -2*h**3 - 9*h**2 - 20*h - 14. What is the units digit of y(-6)?
4
Suppose k - 343 = 5*x, 0 = 5*k - 6*k + 2*x + 337. Suppose 0 = 5*w - 0*w + o - k, 5*w - 342 = -4*o. What is the units digit of w?
6
Let t(f) be the second derivative of 0 + 3*f - 1/20*f**5 - 1/2*f**3 + f**2 + 2/3*f**4. What is the tens digit of t(7)?
3
Let b = -196 + 2317. What is the units digit of b?
1
Let z = 42 - 42. Let l(q) = -q**3 + q**2 - 3*q + 93. What is the units digit of l(z)?
3
Suppose 3351 - 161 = 10*m. What is the units digit of m?
9
Let w be 1208/4 - (1 - 4). Suppose -3*v + w = 2*v. What is the tens digit of v?
6
Let b = -978 - -1538. What is the units digit of b?
0
Let s = -3 - -14. Let y(f) = f**2 - 29*f + 87. Let d be y(25). Let c = s - d. What is the tens digit of c?
2
Let y be (-2)/3 + (-4)/(-6). Suppose 3*g - 273 - 57 = y. What is the units digit of g?
0
Let o = -83 - -3. Let u(h) = h**3 + 9*h**2 + 7*h - 3. Let b be u(-8). What is the tens digit of ((-12)/b)/(6/o)?
3
Let r = -189 - -744. What is the tens digit of r?
5
Let r(l) = 125*l**3 + 3*l**2 + 2*l - 3. What is the units digit of r(1)?
7
Let b be (-1 - (-56)/40) + (-23)/(-5). Let n = 107 - b. What is the hundreds digit of n?
1
Let j(m) be the third derivative of -m**6/120 - m**5/4 - 5*m**4/8 + 3*m**3 - 8*m**2. What is the units digit of j(-14)?
2
Let v = -81 + 74. What is the tens digit of v/((-35)/(-20))*-40?
6
Let s be (-6)/2 + 16 + 1. What is the units digit of (2*s)/((-2)/(-12)*3)?
6
Suppose -6109 = -4*b - 3*n, -29*n = -b - 30*n + 1526. What is the tens digit of b?
3
What is the hundreds digit of 979/1 + (-61 - -49)?
9
Suppose -157*v = -161*v + 688. Let c = v + 41. What is the tens digit of c?
1
Let m = 366 - -570. What is the units digit of m?
6
Let i = -44 + 47. Suppose 2*o = i*o - 199. What is the tens digit of o?
9
Let o(w) = 3*w**2 - 19*w - 66. What is the units digit of o(-23)?
8
Let x(g) = 2*g**3 - 4*g**2 - 3*g + 3. Suppose -d + 4*w - 8 = 0, 2*d - 2*w + 1 - 3 = 0. What is the tens digit of x(d)?
5
Suppose 3 + 7 = -3*i + 4*l, -4*i + 24 = 4*l. Suppose 93 = i*y - 5*k, -y - 4*k - k = -84. What is the tens digit of y?
5
Suppose -1 = -b - 13. Let r = -14 - b. What is the units digit of 66*(r - (-32)/12)?
4
Suppose 7 - 4 = z. Suppose z*g - 20 = -g, -5*n = -5*g - 740. What is the units digit of n?
3
Let m(x) = x**2 + 12*x + 16. Let p be m(-10). Let o(h) = -2*h**3 - 5*h**2 - 2*h + 4. What is the tens digit of o(p)?
6
Suppose -2*g - 20 = 10. Let w(r) = r**3 + 16*r**2 + 12*r + 1. What is the tens digit of w(g)?
4
Let m(l) = -l**2 + 8*l + 10. Let v be m(8). Suppose -b + 41 = -4*i, 1 = 3*i + v. Suppose -o = -2*o + b. What is the units digit of o?
9
Let s(m) be the second derivative of 0 + 8/3*m**3 - 6*m - 1/12*m**4 - 2*m**2. What is the tens digit of s(13)?
3
Let n(q) = -q**3 + 6*q**2 + 5*q + 19. Let c be n(7). Suppose 504 = 13*o - c*o. What is the tens digit of o?
6
Let n be (-15 - -20) + 1 + 0. Suppose -5*m + n = 5*t - 9, 0 = 3*t - 2*m - 4. What is the units digit of t?
2
Suppose -12 = 5*x + n, 0 = -3*n + 5*n + 4. What is the units digit of 29 + -9*x/6?
2
Let l(w) = w**2 - 5*w + 3. Let k be l(5). Suppose g = -5*a, -5*g - k*a + 115 = -a. What is the tens digit of g?
2
Suppose -5*j + 3 + 10 = 3*h, 0 = -4*h + 2*j - 26. Let i = h + 67. What is the tens digit of 2/(-9) - (-833)/i?
1
Let g be 6/4 - 7/(70/15). Suppose -11*r + 2636 + 367 = g. What is the units digit of r?
3
Let h be ((-18)/(-4))/((-9)/(-24)). Suppose h*m - 530 = 7*m. What is the tens digit of m?
0
Let y = 7 + -3. Suppose -3*o = 4*x + 9, -y*x + 2*x = -o + 7. What is the units digit of (49/(-28))/(o/(-12))?
1
Suppose -4*i + 1000 = -676. Let u = i + -284. What is the tens digit of u?
3
Suppose 2*f = -4, 6*d - d - 429 = 2*f. Let u = d - 37. What is the tens digit of u?
4
Let j = 37 - 69. Let y = j + 40. What is the units digit of y?
8
Let y = -181 - -545. What is the units digit of y?
4
Suppose -8*z = -1112 - 24. What is the tens digit of z?
4
Let b(k) be the first derivative of 15*k**2/2 - 48*k - 12. What is the tens digit of b(5)?
2
Let m be 20*-1*(-52)/10. Let l = 64 - m. What is the tens digit of ((-36)/24)/(6/l)?
1
Suppose y + 2*y = 15. Suppose y*c - 3*a - 6 = -5, 0 = 4*c + a - 11. What is the units digit of 51/6 + 1/c?
9
What is the units digit of 28 + -31 - (-16281)/3?
4
Let u(i) = -i**3 + 11*i**2 - 9*i - 9. Let o be u(10). Let n be ((-15)/2)/(o/4). Let y = 55 + n. What is the tens digit of y?
2
Suppose -3*q + 5242 = 7*x - 8*x, -x - 8734 = -5*q. What is the units digit of q?
6
Let o be (-10 + 6)/((-2)/4). Let v(f) = f**3 - 3*f**2 + o*f - f**3 + 4 - f**3. What is the units digit of v(-5)?
4
Suppose -530 = 186*n - 187*n. What is the units digit of n?
0
Let r = -12 + 24. Let m be (-16)/r - (-40)/12. What is the units digit of 2 + m + 14 + -3?
5
Suppose 0 = 30*i - 9741 - 34509. What is the tens digit of i?
7
Let x(g) = 13*g**2 + 1. Let p be x(-1). Let q(r) = 15*r - 44. What is the hundreds digit of q(p)?
1
Let d be 2/(-10) - (-7)/35. Let g(s) = -14*s**3 - 14*s**2 + 38. Let o(v) = 5*v**3 + 5*v**2 - 13. Let p(f) = 6*g(f) + 17*o(f). What is the units digit of p(d)?
7
Let m = -7 - -8. Suppose 0 = -s + m + 34. Suppose 4*k - s = -k. What is the units digit of k?
7
Let p = 260 + 366. What is the tens digit of p?
2
Let d be 18 - -1 - (3 - 2). Suppose 2*c - 26 = -5*u, -3*c + d = 4*u - 0*c. Suppose u*v = v + 70. What is the units digit of v?
4
Let i = 12 + -16. Let a(g) = g + 4*g**2 - 3 - 3*g**2 + g**2 + 0*g. What is the units digit of a(i)?
5
Let x(p) = -131*p - 44. What is the units digit of x(-5)?
1
Suppose 5*h + h + 18 = 0. Let r(y) = 35*y**2 + 26*y - 9. Let l(a) = -7*a**2 - 5*a + 2. Let c(q) = -11*l(q) - 2*r(q). What is the tens digit of c(h)?
5
Let v = -235 + 1007. What is the units digit of v?
2
Suppose -502 = -5*v + 2*n, 4*v - 2*v = 3*n + 203. What is the tens digit of v?
0
Suppose 5*k - 6*k + 389 = 0. What is the hundreds digit of k?
3
Let p(b) be the first derivative of 15*b**2/2 + 14*b - 10. What is the units digit of p(3)?
9
Let w = -141 + 471. What is the tens digit of w?
3
Suppose 25 = p + 23. Let w be 20/((-2 + -1)/(-3)). Suppose p*u - 4 = u + 4*n, 0 = u + 4*n - w. What is the units digit of u?
2
Suppose -296*h - 5265 = -305*h. What is the units digit of h?
5
Suppose 3*x = 11 + 7. Suppose 3*m = x*m - 6. Suppose m*u + u = 4*o - 52, -3*o + 5*u + 28 = 0. What is the units digit of o?
6
Let i(z) = 7*z - 17. Let t(h) = 3*h - 8. Let d(g) = -2*i(g) + 5*t(g). Let q be d(-11). Let p = q + 33. What is the units digit of p?
6
What is the units digit of ((-38)/5)/((-4)/20)?
8
Let k(r) = -155*r - 1. What is the tens digit of k(-5)?
7
Let b = 546 + -149. What is the tens digit of b?
9
What is the hundreds digit of (856/107)/((-2)/(-39))?
1
Suppose -v = -q - q - 183, 4*v + 12 = 0. Let s = 40 + q. What is the units digit of -4 + (-2 - (s - -3))?
4
Let t be ((-52)/(-13))/(1*2). Suppose -t*n + 4 = -0*a - a, -1 = 3*n - 5*a. Suppose 6*x - n*x = 159. What is the units digit of x?
3
Let p be 1/((-140)/(-136) - 1). Suppose -35*d = -p*d - 2. What is the units digit of d?
2
Let h(p) = -6*p**2 - 5*p + 10. Let x(g) = -3*g**2 - 2*g + 5. Let v(s) = 4*h(s) - 9*x(s). What is the tens digit of v(3)?
1
Suppose 5*p - y = 1850, 0 = -p + 2*y - 0*y + 379. What is the hundreds digit of p?
3
What is the units digit of -186*((-2)/4 - (-8 + 9))?
9
Suppose 0*p + 3*t = -p + 77, -3*p = -5*t - 245. Suppose 4*w - p = 3*w. What is the units digit of w?
0
Let q be 3/((-12)/(-28)) + -2. Suppose -q*b - 14 = -99. What is the tens digit of b?
1
Suppose 2*a = a - 4*t + 4, 5*a = -5*t - 10. Let u be 2*-1*6/a. Suppose -u*m - 5 = -4*m. What is the units di